7
What is the thousands digit of 295258?
5
What is the tens digit of 36331018?
1
What is the units digit of 3502542?
2
What is the thousands digit of 87955?
7
What is the hundred thousands digit of 2974456?
9
What is the ten millions digit of 11187084?
1
What is the thousands digit of 236191?
6
What is the tens digit of 13381460?
6
What is the ten thousands digit of 313072?
1
What is the tens digit of 326787?
8
What is the hundred thousands digit of 6270465?
2
What is the millions digit of 27139561?
7
What is the hundreds digit of 4259?
2
What is the units digit of 45750?
0
What is the ten thousands digit of 2136900?
3
What is the thousands digit of 7225080?
5
What is the tens digit of 457573?
7
What is the hundred thousands digit of 17050349?
0
What is the tens digit of 1057221?
2
What is the hundred thousands digit of 519152?
5
What is the tens digit of 22813220?
2
What is the units digit of 8282993?
3
What is the hundreds digit of 5226617?
6
What is the tens digit of 320863?
6
What is the tens digit of 2773119?
1
What is the hundreds digit of 1033522?
5
What is the thousands digit of 7074049?
4
What is the tens digit of 157298?
9
What is the units digit of 4136729?
9
What is the thousands digit of 2514585?
4
What is the hundreds digit of 174445?
4
What is the thousands digit of 204430?
4
What is the millions digit of 4471281?
4
What is the tens digit of 2933356?
5
What is the thousands digit of 489056?
9
What is the hundreds digit of 8828417?
4
What is the hundred thousands digit of 2049167?
0
What is the hundreds digit of 83542?
5
What is the tens digit of 149946?
4
What is the thousands digit of 31050386?
0
What is the hundreds digit of 481748?
7
What is the hundreds digit of 94580?
5
What is the millions digit of 1328068?
1
What is the tens digit of 11950266?
6
What is the millions digit of 7129212?
7
What is the hundreds digit of 3122406?
4
What is the ten thousands digit of 113260?
1
What is the hundred thousands digit of 841107?
8
What is the millions digit of 6902757?
6
What is the units digit of 407922?
2
What is the units digit of 3026706?
6
What is the hundreds digit of 13099?
0
What is the thousands digit of 1253290?
3
What is the millions digit of 2311991?
2
What is the hundred thousands digit of 2237105?
2
What is the tens digit of 2615725?
2
What is the millions digit of 13520433?
3
What is the hundreds digit of 92651?
6
What is the units digit of 2841757?
7
What is the millions digit of 5117128?
5
What is the tens digit of 9264389?
8
What is the thousands digit of 3018503?
8
What is the units digit of 3411195?
5
What is the ten thousands digit of 1375079?
7
What is the hundred thousands digit of 119611?
1
What is the ten thousands digit of 10227482?
2
What is the ten thousands digit of 331472?
3
What is the thousands digit of 57858?
7
What is the hundred thousands digit of 2347365?
3
What is the ten thousands digit of 210800?
1
What is the hundred thousands digit of 8822389?
8
What is the hundreds digit of 406643?
6
What is the units digit of 1219474?
4
What is the tens digit of 1276263?
6
What is the units digit of 12766?
6
What is the hundreds digit of 5620178?
1
What is the tens digit of 637660?
6
What is the hundred thousands digit of 12265160?
2
What is the hundred thousands digit of 1137265?
1
What is the hundred thousands digit of 169401?
1
What is the hundreds digit of 246895?
8
What is the thousands digit of 476096?
6
What is the tens digit of 450110?
1
What is the hundred thousands digit of 230321?
2
What is the hundred thousands digit of 1013264?
0
What is the hundreds digit of 13841274?
2
What is the tens digit of 1236812?
1
What is the hundreds digit of 17306?
3
What is the hundred thousands digit of 11062824?
0
What is the ten thousands digit of 198796?
9
What is the tens digit of 33938315?
1
What is the tens digit of 14662692?
9
What is the tens digit of 18119841?
4
What is the tens digit of 1469564?
6
What is the tens digit of 36066233?
3
What is the millions digit of 2638622?
2
What is the millions digit of 17771394?
7
What is the hundreds digit of 1379291?
2
What is the thousands digit of 31166?
1
What is the ten thousands digit of 28211?
2
What is the units digit of 5054?
4
What is the thousands digit of 222514?
2
What is the hundred thousands digit of 663689?
6
What is the units digit of 210775?
5
What is the tens digit of 32992?
9
What is the ten thousands digit of 396892?
9
What is the ten thousands digit of 20501722?
0
What is the ten thousands digit of 2427296?
2
What is the hundreds digit of 65656?
6
What is the units digit of 1390830?
0
What is the units digit of 181186?
6
What is the units digit of 221808?
8
What is the hundreds digit of 5940440?
4
What is the hundred thousands digit of 9404436?
4
What is the hundreds digit of 719459?
4
What is the ten millions digit of 10598665?
1
What is the thousands digit of 2159901?
9
What is the ten thousands digit of 26007112?
0
What is the ten thousands digit of 3735002?
3
What is the hundred thousands digit of 9203628?
2
What is the ten thousands digit of 806968?
0
What is the ten thousands digit of 8853654?
5
What is the hundreds digit of 183825?
8
What is the thousands digit of 75582?
5
What is the units digit of 2370425?
5
What is the units digit of 378677?
7
What is the units digit of 91528?
8
What is the thousands digit of 2779219?
9
What is the units digit of 25559319?
9
What is the units digit of 16692109?
9
What is the thousands digit of 1108896?
8
What is the ten thousands digit of 8410826?
1
What is the hundred thousands digit of 1442788?
4
What is the units digit of 228755?
5
What is the tens digit of 12193807?
0
What is the hundred thousands digit of 273650?
2
What is the tens digit of 1658234?
3
What is the thousands digit of 238731?
8
What is the ten thousands digit of 314819?
1
What is the units digit of 653442?
2
What is the hundred thousands digit of 308117?
3
What is the ten thousands digit of 4801346?
0
What is the units digit of 626864?
4
What is the hundreds digit of 1696193?
1
What is the ten thousands digit of 8544322?
4
What is the hundreds digit of 286184?
1
What is the thousands digit of 5908573?
8
What is the hundred thousands digit of 3658862?
6
What is the hundred thousands digit of 1037828?
0
What is the hundreds digit of 23001214?
2
What is the thousands digit of 5428995?
8
What is the hundred thousands digit of 314648?
3
What is the thousands digit of 430012?
0
What is the hundreds digit of 213625?
6
What is the ten thousands digit of 833957?
3
What is the units digit of 970778?
8
What is the ten thousands digit of 69744?
6
What is the millions digit of 8414930?
8
What is the hundreds digit of 1453?
4
What is the ten thousands digit of 1071994?
7
What is the units digit of 60319?
9
What is the tens digit of 4014153?
5
What is the thousands digit of 4324?
4
What is the hundred thousands digit of 449095?
4
What is the thousands digit of 604996?
4
What is the units digit of 2400932?
2
What is the units digit of 145598?
8
What is the tens digit of 1054747?
4
What is the units digit of 6657032?
2
What is the units digit of 5823725?
5
What is the hundred thousands digit of 224226?
2
What is the tens digit of 15033246?
4
What is the hundreds digit of 140712?
7
What is the units digit of 31078?
8
What is the tens digit of 560948?
4
What is the units digit of 375991?
1
What is the hundreds digit of 528944?
9
What is the units digit of 74486?
6
What is the thousands digit of 6644153?
4
What is the hundred thousands digit of 1787605?
7
What is the tens digit of 8355?
5
What is the thousands digit of 487098?
7
What is the tens digit of 179522?
2
What is the ten thousands digit of 792113?
9
What is the ten thousands digit of 591391?
9
What is the hundred thousands digit of 1145569?
1
What is the ten thousands digit of 156724?
5
What is the ten thousands digit of 823990?
2
What is the thousands digit of 34163364?
3
What is the ten thousands digit of 4478125?
7
What is the millions digit of 1425287?
1
What is the thousands digit of 14681724?
1
What is the hundred thousands digit of 27002978?
0
What is the hundreds digit of 666711?
7
What is the thousands digit of 360706?
0
What is the units digit of 2587158?
8
What is the tens digit of